 - 104, 2*x - 37 = -2*d + 19. What are the prime factors of d?
3, 11
Let h(o) = -o**3 - 7*o**2 - 3*o - 3. Let d be h(-7). Suppose 2*r + d = 4*r. List the prime factors of r.
3
Let u be 376/7 + 16/56. Let f = u - 7. What are the prime factors of f?
47
Let h(y) = 4*y**3 - 7*y**2 + 3*y + 4. What are the prime factors of h(4)?
2, 5
Let o(y) = 72*y**3 + y**2 - 2*y + 1. Let s be o(1). Suppose 0 = -3*a + 2*x + x + s, 15 = 3*x. List the prime factors of a.
29
Let w(a) = -2*a - 6. Let v be w(-5). Let c = -4 + 6. Let d = v - c. What are the prime factors of d?
2
Suppose 2*j + 10 = 2, j + 379 = 3*d. List the prime factors of d.
5
Let f(w) = w**3 - 4*w**2 + w - 1. What are the prime factors of f(4)?
3
Suppose 0 = 4*h - 4 - 4. What are the prime factors of h?
2
Suppose 3*f - f = 78. Suppose 4*o - j = f, 2*j - 5*j + 33 = 3*o. List the prime factors of 74/o + 6/(-15).
7
Suppose 0 = 3*v - 5 - 1, 5*n - 5*v = 0. Suppose -n*a + 30 = 3*a. What are the prime factors of a?
2, 3
Suppose 2*n + 0*n = 0. Let i(u) = u**3 + 7*u**2 + 6*u + 2. Let a be i(-6). Suppose n = -2*c - a*c + 28. List the prime factors of c.
7
Let l(q) = 3*q**2 - 5 - 5*q - 2*q**2 + 1. What are the prime factors of l(-4)?
2
Let q(x) = -x - 8. Let o be q(-11). Suppose o*z + 7*p - 15 = 4*p, 25 = 4*z - p. What are the prime factors of z?
2, 3
List the prime factors of 16/6*2769/52.
2, 71
Let d be (-4)/22 - (-124)/(-44). Let i = 4 + d. Suppose 4*c = 43 + i. List the prime factors of c.
11
Let l(s) = 8*s**2 - 4*s + 4. Let h(b) = -b**3 - 6*b**2 - 4*b + 7. Let w be h(-5). List the prime factors of l(w).
2, 7
Let t(r) = 86*r - 15. List the prime factors of t(4).
7, 47
Let q = 67 - 24. What are the prime factors of q?
43
Let z = 9 + -5. Let r be z/(-4) + 19 + -2. Let u = r + 5. What are the prime factors of u?
3, 7
Let x = -1 + 2. Let m(r) = 14*r + 1. List the prime factors of m(x).
3, 5
Let i(j) = -2*j + 3. Let q(m) = 2*m - 4. Let d(p) = -5*i(p) - 6*q(p). Let w be d(6). List the prime factors of 6/3 - w*1.
5
Let q(z) be the third derivative of z**5/60 - 5*z**4/24 - 5*z**3/3 - 2*z**2. Let u be q(7). Suppose 2*b = 3*b - u. List the prime factors of b.
2
Let s(y) = -2*y + 1. Let b be s(-3). Let o = b - 1. List the prime factors of o.
2, 3
Let n = 23 + 78. List the prime factors of n.
101
Let k = 24 + -21. Suppose -2*t - k*t + 215 = 0. What are the prime factors of t?
43
Suppose -v + 3*q = -71, 0 = -5*v + q + 368 + 15. What are the prime factors of v?
7, 11
Suppose 5*h + 13 - 388 = 0. What are the prime factors of h?
3, 5
Suppose 0*s = 5*s - 10. Suppose -k + 0 = s. What are the prime factors of (-6)/((k - -1) + -1)?
3
Let d(v) = v**2 - 9*v - 5. Let i be d(10). Suppose -4*t - t + i = 0. Suppose 0 = h - 3 - t. List the prime factors of h.
2
Let m = -86 + 144. What are the prime factors of m?
2, 29
Suppose 0 = -5*n + 50 - 155. Let g = -15 - n. List the prime factors of g.
2, 3
Let f(a) = -a**3 - 2*a**2 + 5*a + 6. What are the prime factors of f(-5)?
2, 7
Suppose 0 = -2*f + 2*y + 14, -2*y - 6 = 2*f - 0. Suppose 0 = f*d - 5*d + 66. What are the prime factors of d?
2, 11
Let l(u) = 2*u**3 + 3*u - 1. Let r be l(2). Suppose a + q = -4*a + 18, -5*a = 2*q - r. List the prime factors of a.
3
Suppose 10*k = 13*k - 234. List the prime factors of k.
2, 3, 13
Let z = -16 - -31. What are the prime factors of z?
3, 5
Suppose 2*b - 4 = 14. What are the prime factors of 9 - (1 - b/3)?
11
Let j(s) = s - 9. Let x(q) = -3*q - 12. Let v be x(-8). Let a be j(v). Suppose -4*g + a*u = -34, 32 = 4*g - 2*u - 2*u. List the prime factors of g.
2, 5
Let n = 0 - 0. Suppose 3*d - o - 40 + 7 = n, -11 = -d + 3*o. Suppose -5*c - d - 21 = -3*p, c = 2. List the prime factors of p.
2, 7
Let w be 47/9 - 16/72. Suppose -3*d = -u - 106 - 22, w*u + 124 = 3*d. What are the prime factors of d?
43
Suppose -10*h = -13*h + 6. Suppose -3*u - 3*r = -63, -h*u - 5*r - 33 = -3*u. What are the prime factors of u?
23
Let g be 2 - (2 - 1*-25). Let q = -4 - g. List the prime factors of q.
3, 7
Let b(t) = -t**2 + 5*t - 1. Let p be b(13). List the prime factors of (-2)/(-1 + p/(-111)).
37
Let q = -6 - -8. Suppose q*s - 7 = 17. What are the prime factors of s?
2, 3
Suppose 0 = -4*d, r + 4*d - 58 = -r. Let i = r - 5. What are the prime factors of i?
2, 3
Suppose -2*x + 50 = 2*m, 115 = -3*x + 7*x + m. Suppose 0 = -2*g - 0*g + x. List the prime factors of g.
3, 5
Let s be (-1)/4 - (-3756)/48. Suppose -4*n + 7*n = s. List the prime factors of n.
2, 13
Suppose -2 = -2*v + 6. Let n = v - 4. Suppose 3*h - h - 12 = n. List the prime factors of h.
2, 3
Suppose -4*c + 10*c = 486. List the prime factors of c.
3
Let z(l) = l**2 + 19*l - 6. Let b be z(-8). Let x = 134 + b. List the prime factors of x.
2, 5
Suppose 0 = -5*s + 2*k + 193 - 57, 2*s - 60 = -2*k. Suppose 2*d - 4*r = s, -2*r = 4*d + 2*r - 8. What are the prime factors of d?
2, 3
Suppose -4*m - 19 = -v - 6, -5 = -5*m - 3*v. List the prime factors of -18*(-3)/m*-1.
3
Suppose -13*p + 178 = -11*p. What are the prime factors of p?
89
Let w(m) = -2*m - 3 - 4*m + 0. List the prime factors of w(-2).
3
Suppose 2*c + c = 0. Suppose -n + 0*n - q + 19 = 0, -3*q + 12 = c. List the prime factors of n.
3, 5
Let b(c) = -2*c - 2. Let o be b(-7). List the prime factors of o*(3 - 15/9).
2
What are the prime factors of -1 - (-1)/((-4)/(-64))?
3, 5
Let m(j) = 1 + 4*j - 3*j - 3. Suppose 2*f + 9 = f - 3*b, 4*f + 2*b = 14. What are the prime factors of m(f)?
2
Let v be (-25)/(-2) + (-5)/(-10). Let l(j) = 3*j - v - 6*j + 10. What are the prime factors of l(-4)?
3
Let m = 26 - -2. Suppose -m = -3*j - j. Let y = -5 + j. List the prime factors of y.
2
Let t = 116 + -42. Let q = -34 + t. List the prime factors of q.
2, 5
Let s(f) be the first derivative of f**7/140 - f**5/120 - f**3 + 1. Let m(h) be the third derivative of s(h). What are the prime factors of m(1)?
5
Let v(z) = -5*z**3 + 2*z**2 + z + 1. List the prime factors of v(-2).
47
Let o(k) = k**2 + 3*k - 2. Let w be o(3). Suppose -4*v - 2*z - 48 = -162, -v - 3*z = -16. Let x = v - w. What are the prime factors of x?
3, 5
Let w be ((-21)/(-9))/(1/3). Suppose -2*o - 90 = -w*o. List the prime factors of o.
2, 3
Let j(f) = 41*f**3 - f**2 + f + 1. List the prime factors of j(1).
2, 3, 7
Suppose -4*c + 194 = -2*m, 6*m = -4*c + 4*m + 182. What are the prime factors of c?
47
Let t(q) = -q**2 + 11*q - 9. Let o be t(8). Suppose o = 3*l - 0*l - 3*p, -5*l + 4*p + 27 = 0. Suppose -2*c = -l - 15. List the prime factors of c.
11
Suppose -2*j + 15 = -5. What are the prime factors of j?
2, 5
Suppose 16 + 0 = -4*k. Let z = 5 + k. Suppose z - 21 = -4*s. List the prime factors of s.
5
Suppose 0*w - 54 = -6*w. Suppose 4*a - w*a = -240. List the prime factors of a.
2, 3
Let b be 5/10*(-1 + -1). Let l be b*(-1 - 3)*-1. List the prime factors of (-54)/(-8) - 1/l.
7
Suppose 0 = j + 2*j. Let b = 13 + -11. Suppose -p + 5 = 0, p - 33 = -j*n - b*n. What are the prime factors of n?
2, 7
Let d(o) = 8*o**2 + 2*o. Let m be d(-4). Suppose 4*x - m = -x. What are the prime factors of x?
2, 3
Let k = -6 - -10. Suppose v + k = -3. Let f(a) = a**2 + 5*a - 3. What are the prime factors of f(v)?
11
Let t be (-68)/18 + (-2)/9. Let i be (3 - 1)*(-14)/t. Let h(c) = -c**2 + 8*c - 1. List the prime factors of h(i).
2, 3
What are the prime factors of 19/6 + 5/(-30)?
3
List the prime factors of 819/26 + (-1)/(-2).
2
Let u be (-5 + 1)*15/4. Let h = u + 33. What are the prime factors of h?
2, 3
Suppose -4*u - 3*y + 12 = y, u - 3 = -4*y. Let r(c) = -1 + c - 2 + 2*c. What are the prime factors of r(u)?
2, 3
Let z be (-30)/6*(-3)/5. Suppose -17 = z*t - 5, -c + 3*t + 36 = 0. List the prime factors of c.
2, 3
Let d(h) = 2*h**3 - 3*h**2 - 10*h + 43. What are the prime factors of d(5)?
2, 3, 7
Suppose -2*t = -i + 6, -15 - 10 = -5*t. Suppose 0 = -2*o - 2*o + i. Suppose -9 - 23 = -o*a - 4*x, -3*x = -5*a + 56. List the prime factors of a.
2, 5
Suppose -3*s = -4*s + 18. What are the prime factors of s?
2, 3
Suppose -2*w + 4 = -0. Suppose 0 = -2*g - w*g + 228. List the prime factors of g.
3, 19
Let f be 1/(-3) - 13/(-3). Suppose f*s - 163 = -27. List the prime factors of s.
2, 17
Let t be 8 + 1 + (-2 - -4). Let j = t + -6. What are the prime factors of j?
5
Let t be (-26)/8*1*-4. Suppose 4*j - 28 = -5*r + r, j + 5*r + t = 0. List the prime factors of